{"id":62,"date":"2024-02-04T01:05:43","date_gmt":"2024-02-04T01:05:43","guid":{"rendered":"https:\/\/imagenetiquetayprotocolo.com\/?page_id=62"},"modified":"2024-02-04T01:07:12","modified_gmt":"2024-02-04T01:07:12","slug":"cursos","status":"publish","type":"page","link":"https:\/\/imagenetiquetayprotocolo.com\/index.php\/cursos\/","title":{"rendered":"Cursos"},"content":{"rendered":"\n<h2 class=\"wp-block-heading\">Imagen, Etiqueta y Protocolo Internacional<\/h2>\n\n\n\n<p><em>\u201cLos ojos obedecen exactamente a las acciones de la mente\u201d<\/em><\/p>\n\n\n\n<p>&#8211; Emerson<\/p>\n\n\n\n<hr class=\"wp-block-separator has-alpha-channel-opacity\"\/>\n\n\n\n<figure class=\"wp-block-image size-full\"><img loading=\"lazy\" decoding=\"async\" width=\"1024\" height=\"576\" src=\"http:\/\/imagenetiquetayprotocolo.com\/wp-content\/uploads\/2024\/02\/curso1.jpg\" alt=\"\" class=\"wp-image-14\" srcset=\"https:\/\/imagenetiquetayprotocolo.com\/wp-content\/uploads\/2024\/02\/curso1.jpg 1024w, https:\/\/imagenetiquetayprotocolo.com\/wp-content\/uploads\/2024\/02\/curso1-300x169.jpg 300w, https:\/\/imagenetiquetayprotocolo.com\/wp-content\/uploads\/2024\/02\/curso1-768x432.jpg 768w, https:\/\/imagenetiquetayprotocolo.com\/wp-content\/uploads\/2024\/02\/curso1-107x60.jpg 107w\" sizes=\"auto, (max-width: 1024px) 100vw, 1024px\" \/><\/figure>\n\n\n\n<p><strong>CURSOS DISPONIBLES<\/strong><\/p>\n\n\n\n<ul class=\"wp-block-list\">\n<li>Importancia de la Imagen en el mundo globalizado<\/li>\n\n\n\n<li>Etiqueta en los negocios<\/li>\n\n\n\n<li>Protocolo Internacional<\/li>\n\n\n\n<li>Estilos y unicidad<\/li>\n\n\n\n<li>La estrategia de los talentos personales<\/li>\n\n\n\n<li>Contacto visual<\/li>\n\n\n\n<li>El poder y uso del color adecuado<\/li>\n\n\n\n<li>El Arte en el buen vestir<\/li>\n\n\n\n<li>Buenas maneras en las presentaciones<\/li>\n\n\n\n<li>Tarjetas de presentaci\u00f3n<\/li>\n\n\n\n<li>Etiqueta en los regalos; c\u00f3mo dar y recibir.<\/li>\n\n\n\n<li>El poder del saludo de mano<\/li>\n\n\n\n<li>Etiqueta en el tel\u00e9fono<\/li>\n\n\n\n<li>Contacto y comunicaci\u00f3n visual<\/li>\n\n\n\n<li>Las invitaciones formales e informales.<\/li>\n\n\n\n<li>Comportamiento y prox\u00e9mica en reuniones de trabajo y sociales<\/li>\n\n\n\n<li>Maneras de hacer un brindis<\/li>\n\n\n\n<li>Comer con estilo; El Internacional y El Americano<\/li>\n\n\n\n<li>Uso de cubiertos y copas<\/li>\n\n\n\n<li>Manera correcta de usar la servilleta<\/li>\n\n\n\n<li>Formas de sentar a los invitados.<\/li>\n<\/ul>\n\n\n\n<p><strong>\u00a1Eliga sus temas, forme su propio curso!<\/strong><\/p>\n\n\n\n<p><strong>Josie Gonz\u00e1lez Molina \/ Experta Consultora de Imagen, Etiqueta y Protocolo<\/strong><\/p>\n\n\n\n<hr class=\"wp-block-separator has-alpha-channel-opacity\"\/>\n\n\n\n<figure class=\"wp-block-image size-full\"><img loading=\"lazy\" decoding=\"async\" width=\"1024\" height=\"683\" src=\"http:\/\/imagenetiquetayprotocolo.com\/wp-content\/uploads\/2024\/02\/curso2.jpg\" alt=\"\" class=\"wp-image-15\" srcset=\"https:\/\/imagenetiquetayprotocolo.com\/wp-content\/uploads\/2024\/02\/curso2.jpg 1024w, https:\/\/imagenetiquetayprotocolo.com\/wp-content\/uploads\/2024\/02\/curso2-300x200.jpg 300w, https:\/\/imagenetiquetayprotocolo.com\/wp-content\/uploads\/2024\/02\/curso2-768x512.jpg 768w, https:\/\/imagenetiquetayprotocolo.com\/wp-content\/uploads\/2024\/02\/curso2-90x60.jpg 90w\" sizes=\"auto, (max-width: 1024px) 100vw, 1024px\" \/><\/figure>\n\n\n\n<p><strong>Imagen de \u00e9xito con estilo<br><\/strong>Tengas inter\u00e9s o no en la moda, debes prestar atenci\u00f3n al conjunto que eliges para ir a trabajar en tu d\u00eda a d\u00eda pues ser\u00e1 la primera imagen que se perciba de ti.<\/p>\n\n\n\n<figure class=\"wp-block-image size-full\"><img loading=\"lazy\" decoding=\"async\" width=\"1024\" height=\"576\" src=\"http:\/\/imagenetiquetayprotocolo.com\/wp-content\/uploads\/2024\/02\/curso3.jpeg\" alt=\"\" class=\"wp-image-16\" srcset=\"https:\/\/imagenetiquetayprotocolo.com\/wp-content\/uploads\/2024\/02\/curso3.jpeg 1024w, https:\/\/imagenetiquetayprotocolo.com\/wp-content\/uploads\/2024\/02\/curso3-300x169.jpeg 300w, https:\/\/imagenetiquetayprotocolo.com\/wp-content\/uploads\/2024\/02\/curso3-768x432.jpeg 768w, https:\/\/imagenetiquetayprotocolo.com\/wp-content\/uploads\/2024\/02\/curso3-107x60.jpeg 107w\" sizes=\"auto, (max-width: 1024px) 100vw, 1024px\" \/><\/figure>\n\n\n\n<p><strong>Etiqueta y Protocolo Internacional<br><\/strong>Conocer las reglas de protocolo puede abrirte muchas puertas en los negocios internacionales. Hablamos de una ventaja competitiva que a la vez es un arma de doble filo, ya que una mala impresi\u00f3n puede costar muy caro.<\/p>\n\n\n\n<figure class=\"wp-block-image size-full\"><img loading=\"lazy\" decoding=\"async\" width=\"960\" height=\"640\" src=\"http:\/\/imagenetiquetayprotocolo.com\/wp-content\/uploads\/2024\/02\/curso4.jpg\" alt=\"\" class=\"wp-image-17\" srcset=\"https:\/\/imagenetiquetayprotocolo.com\/wp-content\/uploads\/2024\/02\/curso4.jpg 960w, https:\/\/imagenetiquetayprotocolo.com\/wp-content\/uploads\/2024\/02\/curso4-300x200.jpg 300w, https:\/\/imagenetiquetayprotocolo.com\/wp-content\/uploads\/2024\/02\/curso4-768x512.jpg 768w, https:\/\/imagenetiquetayprotocolo.com\/wp-content\/uploads\/2024\/02\/curso4-90x60.jpg 90w\" sizes=\"auto, (max-width: 960px) 100vw, 960px\" \/><\/figure>\n\n\n\n<p><strong>Comer con Estilo<br><\/strong>El estilo de comer europeo o continental es el m\u00e1s extendido en todo el mundo y el que utilizan m\u00e1s personas en todo el planeta.<\/p>\n","protected":false},"excerpt":{"rendered":"<p>Imagen, Etiqueta y Protocolo Internacional \u201cLos ojos obedecen exactamente a las acciones de la mente\u201d &#8211; Emerson CURSOS DISPONIBLES \u00a1Eliga sus temas, forme su propio curso! Josie Gonz\u00e1lez Molina \/ Experta Consultora de Imagen, Etiqueta y Protocolo Imagen de \u00e9xito con estiloTengas inter\u00e9s o no en la moda, debes prestar atenci\u00f3n al conjunto que eliges &hellip; <\/p>\n","protected":false},"author":1,"featured_media":0,"parent":0,"menu_order":0,"comment_status":"closed","ping_status":"closed","template":"","meta":{"footnotes":""},"class_list":["post-62","page","type-page","status-publish","hentry"],"_links":{"self":[{"href":"https:\/\/imagenetiquetayprotocolo.com\/index.php\/wp-json\/wp\/v2\/pages\/62","targetHints":{"allow":["GET"]}}],"collection":[{"href":"https:\/\/imagenetiquetayprotocolo.com\/index.php\/wp-json\/wp\/v2\/pages"}],"about":[{"href":"https:\/\/imagenetiquetayprotocolo.com\/index.php\/wp-json\/wp\/v2\/types\/page"}],"author":[{"embeddable":true,"href":"https:\/\/imagenetiquetayprotocolo.com\/index.php\/wp-json\/wp\/v2\/users\/1"}],"replies":[{"embeddable":true,"href":"https:\/\/imagenetiquetayprotocolo.com\/index.php\/wp-json\/wp\/v2\/comments?post=62"}],"version-history":[{"count":2,"href":"https:\/\/imagenetiquetayprotocolo.com\/index.php\/wp-json\/wp\/v2\/pages\/62\/revisions"}],"predecessor-version":[{"id":65,"href":"https:\/\/imagenetiquetayprotocolo.com\/index.php\/wp-json\/wp\/v2\/pages\/62\/revisions\/65"}],"wp:attachment":[{"href":"https:\/\/imagenetiquetayprotocolo.com\/index.php\/wp-json\/wp\/v2\/media?parent=62"}],"curies":[{"name":"wp","href":"https:\/\/api.w.org\/{rel}","templated":true}]}}